n factor of q and 6?
2
Let s = 90 - 54. Let y = 66 - 64. Let z be y - 5 - (-7)/(21/36). Calculate the greatest common divisor of z and s.
9
Let b = -26671 + 26887. What is the highest common divisor of b and 20412?
108
Let b be (-1 - -6) + -130 + 200. Calculate the highest common factor of 63 and b.
3
Suppose 0 = 219*z - 198*z - 3318. What is the highest common divisor of 2528 and z?
158
Let r(x) = -x + 39. Let f = -71 - -64. Let g = f + 27. Let h be r(g). Calculate the highest common divisor of h and 152.
19
Let i = 3403 + -2278. What is the greatest common divisor of 60 and i?
15
Suppose 2*l + 3*z = 113, -77 - 41 = -2*l - 4*z. Let h = l + -44. Suppose 2*n - 7 - h = 0. Calculate the highest common divisor of 3 and n.
3
Let t = 2471 - 2422. Calculate the greatest common factor of 175 and t.
7
Let q = 394 - 199. Suppose -8*f + 4*f = -5*t - 70, -4*f + 3*t = -66. Calculate the highest common factor of q and f.
15
Let d(v) = v. Let z(y) = 4*y + 15. Let c(x) = -5*d(x) + z(x). Let t be c(12). Suppose -9 = t*j - 45. Calculate the greatest common divisor of j and 8.
4
Let r be (-162)/(-3) + 1 + 3. Let o = -44 + r. Let m = -273 + 329. What is the highest common factor of o and m?
14
Let s(q) = 8*q**3 - 9*q**2 - 15*q + 115. Let k be s(8). What is the highest common factor of 370 and k?
185
Suppose -8*a + 47 + 281 = 0. Suppose -a*v + 32*v + 837 = 0. What is the greatest common divisor of v and 62?
31
Let p = -3731 - -3895. Calculate the greatest common factor of p and 104.
4
Let c be 63/(-14)*(-2 + 1582/(-21)). Calculate the highest common factor of 1068 and c.
12
Let c(n) be the third derivative of -n**6/120 + 7*n**5/30 + 7*n**4/24 - 16*n**3/3 - 138*n**2. Let d be c(14). Calculate the greatest common factor of 12 and d.
6
Suppose 0 = -9*f - 19*f - 9996. Let g be ((-8)/(-7))/((-51)/f). Let i be 1/(33/(-36) - -1). What is the greatest common factor of g and i?
4
Let o be 214/9 - (-4)/18. Let r(n) = 15*n**2 - 168*n + 669. Let k be r(7). What is the greatest common divisor of k and o?
12
Let r = -170 + 373. Let j = r - 111. Calculate the highest common divisor of 138 and j.
46
Let s = -58 + 66. Suppose -s = -o - 4*k, 0 = 5*o + k - 45 - 14. Let j be -2 + ((-3)/(o/(-68)) - 2). Calculate the greatest common factor of j and 13.
13
Let k = -2480 + 2765. Calculate the greatest common factor of 190 and k.
95
Suppose 4*z + a - 2*a = 24, -2*z - 5*a - 10 = 0. Suppose z*y - 70 - 21 = -3*m, y - 11 = -3*m. Calculate the highest common divisor of 5 and y.
5
Suppose 0 = 424*u - 367*u - 76380. What is the greatest common divisor of u and 30?
10
Suppose 20*g - 144 + 4 = 0. Suppose p + 16 = 5*p + 4*w, 5*w - 10 = 0. Suppose c - 4*v - 8 = 0, c - g - 5 = p*v. What is the highest common divisor of 48 and c?
16
Let p be ((-18)/5)/(9/(-30)). Suppose -102 = -5*l - 12*l. Suppose -4 = 2*v, l*x = x - 5*v + 30. Calculate the greatest common factor of p and x.
4
Let u be 475/19 + -25 + -2 + (-2 - -17). Calculate the highest common factor of u and 10322.
13
Suppose 661*k - 628*k - 21384 = 0. Calculate the greatest common divisor of 72 and k.
72
Suppose -3*s + 24 = 3*s. Suppose -4*l = -3*c + 43, s*c - 5*l - 31 - 25 = 0. What is the highest common divisor of c and 3?
3
Let u(m) = 84*m + 34. Let c be u(-6). Let o = c + 540. What is the greatest common divisor of o and 245?
35
Suppose -39*w + 158 = 40*w. Let f be (-1)/(-4) + (-2390)/(-8). Suppose -w*k + 58 = h - 142, -3*k + f = h. Calculate the highest common factor of k and 9.
9
Let a be (-3 + 0)*(104/(-6) + 2). Let f be (-168872)/(-1045) + (-3)/5. Calculate the highest common factor of a and f.
23
Let y be 24/16*2 + 66*1. Calculate the highest common factor of 3795 and y.
69
Let x(u) = 267*u + 3458. Let k be x(-12). Calculate the greatest common divisor of k and 127.
127
Let f = 880 + 7304. What is the greatest common factor of 33 and f?
33
Let j = 8319 + -7744. Calculate the highest common factor of 2150 and j.
25
Let t be -11*(-8 + (-1204)/(-154)). Calculate the greatest common divisor of 250 and t.
2
Let v(m) be the second derivative of -m**4/6 - 11*m**3/3 + 7*m**2 - 101*m. Let o be v(-11). Calculate the highest common factor of o and 70.
14
Suppose s - 3 = 0, -r = 5*s - 2*s - 59. Let j = 25 + -25. Let v be (j + ((-1)/2 - 2))*-50. What is the highest common factor of r and v?
25
Let i = -11577 + 12025. Calculate the greatest common factor of i and 644.
28
Suppose -17*s = 174*s - 25594. What is the highest common factor of s and 1139?
67
Let n be 114/18 + (-2)/(-3). Let h = 382 + -380. Suppose 3*t - 103 = -4*y, -y + h*t = 2*y - 90. What is the highest common divisor of y and n?
7
Suppose -25*l = -23*l + 2*a - 94, 5*a + 53 = l. Suppose -4*z + 0*z - 15 = -5*t, -15 = -5*t - 5*z. What is the highest common divisor of t and l?
3
Let u = -18471 - -18561. What is the greatest common divisor of 1510 and u?
10
Let v be (-15989 - 7)/(-6) - -7. Suppose 25*p = 16*p + v. What is the greatest common divisor of 27 and p?
27
Let l = -896 + 915. What is the greatest common factor of 323 and l?
19
Let r(n) = -44*n + 36. Let b(j) = 485*j - 400. Let z(a) = -4*b(a) - 45*r(a). Let y be z(8). Calculate the highest common factor of y and 12.
12
Suppose 1180 = 9*g + g. Suppose -5*s + g = 3*w, -3*s - 48 = -5*s - 2*w. Calculate the greatest common factor of s and 92.
23
Let h be (48/8 + (-256)/40)*-160. Calculate the highest common factor of h and 68.
4
Suppose w - 11 = 2*u - 2, 5*w = -5*u + 120. Suppose -3*k = 52*r - 48*r - w, 3*r - 12 = 0. What is the greatest common factor of 8 and k?
1
Let h(j) = 12*j - 7. Let l be h(5). Let t = 80 + -73. Let s = l + t. Calculate the greatest common factor of s and 40.
20
Suppose -4*z + g = -35, 60 = 2*z + 2*z + 4*g. Suppose -616 = 6*x - z*x. Let b = x + -110. What is the highest common divisor of b and 88?
44
Suppose r - 2220 = -4*r. Let z be ((-55)/30)/((-1)/7) - 175/210. What is the greatest common divisor of z and r?
12
Suppose 0 = 5*q + 15, 3*g + 118 = -2*q - 35. Let k = g + 51. Calculate the highest common divisor of k and 13.
1
Suppose 33*v + 53 = 24*v + 170. What is the highest common factor of 5629 and v?
13
Let z be ((-3)/((-6)/4))/((-164)/(-4346)). Let h be -2 + z + (-5 - 1). What is the greatest common factor of 225 and h?
45
Suppose 363015 = 170*s - 400212 + 165677. Calculate the highest common divisor of 370 and s.
185
Let p = 4627 + -4573. What is the greatest common divisor of 2286 and p?
18
Suppose 0 = -z - 2*h + 11, -2*z = 4*h - 8*h + 18. Let d(i) = 35*i - 3. Let c be d(z). What is the highest common factor of c and 2?
2
Suppose 3*z - 5*v = -4, 39*z + 14 = 42*z + 4*v. Calculate the greatest common factor of z and 278.
2
Suppose -37*u + 57959 = 92*u - 8*u. Calculate the highest common divisor of 2 and u.
1
Suppose 20*a - 4050 = 32*a - 57*a. What is the greatest common factor of 6555 and a?
15
Suppose 0 = -11*t - 28850 + 92353. What is the highest common divisor of t and 23?
23
Suppose -27 = -i + 5*a + 174, -5*i = -3*a - 983. Suppose -21*d = -17*d - i. What is the greatest common factor of d and 441?
49
Suppose 413*f - 417*f + 68 = 4*z, -5*z + 87 = 3*f. Calculate the highest common divisor of 1728 and z.
18
Let q(l) = -2*l**2 - 4*l + 24. Let i be q(-17). Let h = i - -497. Calculate the greatest common divisor of 187 and h.
11
Suppose 0 = -939*j + 735*j + 146880. What is the highest common divisor of j and 1350?
90
Let q = 31 - 18. Let c = 77 - 77. Suppose 2*p + 258 = 6*p - 2*z, c = 2*p + z - 131. What is the greatest common divisor of q and p?
13
Let h(r) = 12*r + 28. Let o be h(-2). Suppose 20 = 2*s + o*y - 2*y, 3*s + 4*y - 26 = 0. Calculate the greatest common factor of s and 126.
14
Let u(p) = 2*p - 39. Let k be (0 + 1)/((-1)/(-19)). Let d be u(k). Let v(n) = -17*n - 2. Let b be v(d). Calculate the highest common factor of b and 195.
15
Let b be 8/(-10)*(16 + -11 - 25). Calculate the highest common factor of b and 376.
8
Suppose -2 = 3*k - 14. Let l be -1*(-3)/(-2)*(-28)/(-6) + (-89096)/(-2072). Calculate the greatest common divisor of k and l.
4
Let g = -5872 - -5887. Calculate the greatest common divisor of 20 and g.
5
Suppose 2*k - 48 = -3*r, k + 4*r - 106 = -4*k. Let q = -13433 + 13448. What is the greatest common factor of k and q?
3
Let i = 200 + -119. Suppose -129 = -3*t - i. What is the greatest